ppose -2*y - 3 = 1. Let k be (-78)/(-21) - y/7. Is 1350/24 + (-1)/k a multiple of 19?
False
Is (6/5)/((-3)/(-25)) a multiple of 4?
False
Let o be (-6)/(-2 + 2 + -2). Suppose 35 = 3*t - 2*p, -2*t - 4*p + 21 - o = 0. Is t a multiple of 4?
False
Suppose 4*n - 2 = 10, 3*a + n = 45. Is a a multiple of 14?
True
Let n(b) = 8*b**2 - 4. Let i be n(3). Suppose i = -3*f + 7*f. Does 6 divide f?
False
Let r = 80 + -33. Is r a multiple of 13?
False
Let w(c) = 4*c**2 + 24*c + 15. Is 35 a factor of w(-10)?
True
Let l be (1 + -2*1)*-2. Let r be (1 - l)/(-5 - -6). Let m(a) = -10*a - 1. Is 6 a factor of m(r)?
False
Let c = 163 - 15. Let h = -53 + c. Suppose 2*g = 4*b - 0*g - 78, -5*g - h = -5*b. Does 10 divide b?
True
Is 13 a factor of 139 + -4 + 1 + 7?
True
Suppose 2*d - 27 = -3*d - 4*w, 5*w = -4*d + 27. Suppose -d*k + 27 = -57. Does 10 divide k?
False
Does 17 divide (-16)/(-20)*(-135)/(-6)?
False
Suppose 0 = -c + 2*c - 180. Suppose 0*g - c = -5*g. Does 18 divide g?
True
Let o(v) be the first derivative of -v**2/2 + 2*v + 3. Is 4 a factor of o(-7)?
False
Let p(z) = -z**2 - 4*z + 22. Let x(y) = -y**2 - 3*y + 22. Let c be (-1)/6*-2*9. Let w(g) = c*x(g) - 2*p(g). Does 11 divide w(0)?
True
Is 6 a factor of 33 + -1 + (0 - 2)?
True
Let c = 16 - -79. Is c a multiple of 29?
False
Suppose 6*a - 66 = 3*a. Is a a multiple of 10?
False
Suppose -q = i - 3, 0*i = 2*q + i - 7. Let b(d) = 2*d - 6. Let n be b(8). Is 20 a factor of (56/n)/(q/20)?
False
Let q be ((-8)/10)/((-5)/50). Is 2 a factor of q/5*(-5)/(-2)?
True
Is 14 a factor of (0/(-1))/4 - (-2 + -68)?
True
Suppose 10 = d - 2*i, 13 - 3 = 5*d - 2*i. Let b be 18/4 + 1/2. Suppose j - g - 51 = -0*j, d = -j + b*g + 47. Is j a multiple of 18?
False
Let j(v) = v**2 + 4*v + 58. Does 31 divide j(-18)?
True
Suppose 2 = 3*v + 26. Let x(t) = -4*t - 1. Is 12 a factor of x(v)?
False
Let g be 198/(-8)*(-8)/(-1). Let w = g + 288. Does 23 divide w?
False
Let v(b) = 4*b + 10. Let a be v(7). Let s = -20 - -21. Suppose -a = -l + s. Is 14 a factor of l?
False
Let i = 0 + -2. Let c be i/8 + 6/(-8). Does 5 divide c*-7*(1 + 0)?
False
Let f(t) = 2*t - 4. Suppose 0 = q - y, -q + 3*y - 10 = -0. Suppose -10 = -q*v + 5. Does 2 divide f(v)?
True
Suppose -2 - 4 = 2*j. Let c(h) = h**2 + h + 3. Is c(j) a multiple of 5?
False
Let p be (-2 - 21/(-6))*2. Let u be (0 + (p - 2))/(-1). Let b = 4 + u. Does 2 divide b?
False
Suppose 0 = 4*a - 2*a - 138. Is a a multiple of 23?
True
Let f(u) = u**2 + 2*u. Does 3 divide f(-4)?
False
Let s(h) = h**2 - 1. Let o(g) = -6*g**2 - 17*g + 10. Let l(f) = o(f) + 5*s(f). Is 25 a factor of l(-10)?
True
Let x = 3 - 5. Let g be (2/(-4))/(x/92). Let k = 41 - g. Is 9 a factor of k?
True
Let t(u) = 30*u**2 - u. Let l be t(1). Suppose -l = -2*r + 7. Is r a multiple of 6?
True
Let c(b) = b**3 + 8*b**2 - 2*b - 4. Suppose 2*x + 15 = -x. Is 27 a factor of c(x)?
True
Let u(h) = h**3 - 9*h**2 + h - 8. Let t be u(9). Let o = t - -10. Is 11 a factor of o?
True
Is 12 a factor of 0/(1 - 3) + 42?
False
Let p(k) be the second derivative of -k**3/6 + k**2/2 - 4*k. Is 12 a factor of p(-11)?
True
Suppose 2*p - 11 = 65. Is p a multiple of 19?
True
Let r be (12/9)/((-4)/(-6)). Suppose 0 = -3*n - r*h + 3, -2*n = -5*n - 3*h. Suppose 60 = 5*v - n*m, 5*v - 5*m = 2*v + 36. Does 12 divide v?
True
Is 28 a factor of (2/4)/((-4)/(-672))?
True
Let b be 3 + 1 + -2 - -5. Suppose -2*q - 39 = -3*p, 2*q - b*q = 2*p - 26. Suppose p = m - 5. Is 9 a factor of m?
True
Suppose -s + 4*s = 18. Suppose -s*j = -3*j, 4*r - 192 = -3*j. Is r a multiple of 16?
True
Let u(c) = c**2 - 10*c - 8. Let l be u(11). Is 3 a factor of (-2 + l - -6)*1?
False
Let c(j) = 5*j + 1. Let i be c(1). Let q be ((-2)/(-4))/(22/44). Suppose i = t - q. Is t a multiple of 7?
True
Suppose 2*w - 2 = w. Let j = -4 + 16. Suppose w*z = i + 10 + 17, -i - j = -z. Is 15 a factor of z?
True
Suppose 170 = -0*l + 5*l. Suppose -y = -2*y + l. Does 19 divide y?
False
Let o(l) = -5*l**3 - l - 1. Let x be o(-1). Is 2/x - (-168)/5 a multiple of 17?
True
Let j = 41 - 20. Suppose -2*t + 2*a + 17 = -j, -2*a = -3*t + 55. Is t a multiple of 17?
True
Suppose -4*s + 249 = 9. Does 15 divide (-1)/((-62)/s + 1)?
True
Let c be (-56)/3*6/4. Let v = -42 - c. Let m = 20 + v. Does 3 divide m?
True
Let k = -39 + 78. Suppose -3*h + 0 = 18. Is (4/h)/((-2)/k) a multiple of 13?
True
Let p(j) = -11*j**3 + j**2 + j. Suppose -3*l - 5*q = 13, 5*l = -q + 2*q - 3. Is 3 a factor of p(l)?
False
Suppose 0*y - 2*y + 24 = 0. Is (6/(-4))/(y/(-560)) a multiple of 14?
True
Suppose 15*z - 770 = 10*z. Does 30 divide z?
False
Let s be (-4 - -5)*(-4)/2. Let w(h) = -4*h**3 - 3*h - 5. Is 10 a factor of w(s)?
False
Suppose 3*w + 10 + 2 = 0. Let i(l) = 2*l**2 + 4*l - 4. Let n be i(w). Is 3 a factor of ((-1)/(-3))/(1/n)?
False
Suppose 2*m = -8, 0*m = 5*f - 5*m + 505. Is 10 a factor of 3/(-6) - f/10?
True
Let p(l) = l. Let a be p(5). Suppose -4*r + 8 = -2*r. Suppose -a*c + 2*d + 20 = 0, -4*c + 16 = -0*d + r*d. Is 4 a factor of c?
True
Suppose 0*y + 2*t = 4*y - 10, 0 = -5*y - 2*t + 17. Let k(w) = -w**2 + 12*w + 8. Let c be k(12). Suppose y*i + 85 = c*i. Does 5 divide i?
False
Let u(c) = -c**3 + 14*c**2 - 15*c + 8. Let l be u(13). Let k = 24 + l. Is k a multiple of 6?
True
Let x(p) = p**2 + 4. Is x(4) a multiple of 5?
True
Let f be 4/(-6) + 64/6. Suppose f = y + 1. Is y a multiple of 9?
True
Suppose 108 = -5*v + 23. Let f = v - -5. Let m = f - -28. Is 16 a factor of m?
True
Does 15 divide 18/(-30) + 466/10?
False
Let d(o) = o**2 - 9*o + 11. Let z be d(6). Let h = z - -15. Is 8 a factor of h?
True
Let u(f) = -3*f + 17. Is 40 a factor of u(-21)?
True
Suppose 4*x - 291 + 43 = 0. Is 31 a factor of x?
True
Suppose 20*l = 7*l + 416. Does 8 divide l?
True
Suppose 8*d = 7*d + 28. Is 4 a factor of d?
True
Suppose -31*u = -26*u - 100. Is 5 a factor of u?
True
Is 15 a factor of 36/(-84) - (1692/14)/(-2)?
True
Suppose -4*a = 2*u - 276, -a - 138 = -3*a - 3*u. Is a a multiple of 23?
True
Let w(y) = -y**2 - 11*y - 4. Is 2 a factor of w(-10)?
True
Let m(v) = 93*v**2 - 1. Let l be m(-1). Suppose -l = -0*q - q. Is q a multiple of 29?
False
Let t = -34 - -60. Let f = 74 - t. Is 16 a factor of f?
True
Let r(s) = -s**3 + s**2 - s + 1. Let u be r(1). Is (-5)/15*(u + -87) a multiple of 16?
False
Suppose -y = y - 14. Is 7 a factor of y?
True
Let t = 82 + -18. Suppose 2*k - 24 - t = -p, 94 = 2*k - 2*p. Is k a multiple of 15?
True
Let u(c) = -14*c**3 + c**2 + 3*c + 1. Does 15 divide u(-2)?
False
Suppose 5*c - 70 = -m - 0*c, -5*c = 10. Is 24 a factor of m?
False
Let c = -236 - -404. Is c a multiple of 12?
True
Let z(p) = 2*p - 8. Let g be z(6). Is 392/21 - g/6 a multiple of 9?
True
Let v(k) = 3*k**2 - 4*k**3 + 4*k**2 - 2 - 2*k**3 + 5*k**3 + 2*k. Does 6 divide v(7)?
True
Let z(s) = 23*s**2. Is 6 a factor of z(-1)?
False
Suppose -4*s + 0 = 12. Does 10 divide (-2 - -13) + s/3?
True
Suppose 8*f + v - 32 = 7*f, 5*v = -15. Is f even?
False
Let r = 1 + 1. Suppose 5 = q + r. Suppose -42 = -q*x - d, 0 = -x + 6*x + 5*d - 60. Is 15 a factor of x?
True
Let n be (8/(-8))/((-1)/71). Suppose -n = -3*s + 1. Is s a multiple of 12?
True
Is 10 a factor of 5/((6/20)/((-24)/(-10)))?
True
Let u(w) = -w**2 + 6*w - 5. Let f be u(4). Suppose -78 = -2*d + 4*m - 20, -f*d - 4*m + 37 = 0. Suppose -3*y + d = -38. Is 19 a factor of y?
True
Suppose -3*n + 155 - 32 = 0. Does 7 divide n?
False
Let c be -7 + 4 + (-17)/1. Let g = c - -29. Is g a multiple of 9?
True
Suppose 44 = 3*i - 124. Is 28 a factor of i?
True
Does 37 divide (-1 - -4)*260/13?
False
Let g(b) be the first derivative of b**3/3 - 4*b**2 + 3*b - 2. Let a be g(6). Let y(p) = -p**2 - 10*p + 3. Is y(a) a multiple of 12?
True
Let t be (0 + 0)/(-4 + 5). Let s(c) = -c**3 - c**2 - c + 13. Is s(t) a multiple of 7?
False
Let s = 1 - -1. Suppose 63 = 3*g - g - 3*t, 5*t - 39 = -s*g. Is 6/g - 79/(-9) a multiple of 4?
False
Let h be 4/(-8) + (-998)/(-4). Suppose 10*l - 7*l = h. Is 21 a factor of l?
False
Is 2/3 - 360/(-27) a multiple of 14?
True
Let g = -25 - -47. Let p = g + 23. Is p a multiple of 17?
False
Let d(s) be the third derivative of s**6/120 + 2*s**5/15 + s**4/4 - 2*s**3/3 - 2*s**2. Does 3 divide d(-7)?
True
Suppose -4*v = 2 + 10. Let i = v - -13. Does 7 divide i?
False
Suppose -3*r + 39 = r + d, 3*d + 26 = r. Let l(f) = 2 + r*f**2 + 8*f - 7*f**2 + f**3 